{"id":8514,"date":"2020-03-23T12:33:40","date_gmt":"2020-03-23T11:33:40","guid":{"rendered":"http:\/\/riap.iss.it\/riap\/?page_id=8514"},"modified":"2021-03-31T16:40:37","modified_gmt":"2021-03-31T14:40:37","slug":"promemoria-pazienti","status":"publish","type":"page","link":"https:\/\/riap.iss.it\/riap\/it\/artroprotesi-e-covid-19\/promemoria-pazienti\/","title":{"rendered":"Artroprotesi e COVID-19 &#8211; Promemoria pazienti"},"content":{"rendered":"<div id=\"pl-8514\"  class=\"panel-layout\" ><div id=\"pg-8514-0\"  class=\"panel-grid panel-no-style\" ><div id=\"pgc-8514-0-0\"  class=\"panel-grid-cell\" ><div id=\"panel-8514-0-0-0\" class=\"so-panel widget widget_sow-headline panel-first-child\" data-index=\"0\" ><div\n\t\t\t\n\t\t\tclass=\"so-widget-sow-headline so-widget-sow-headline-default-c5afba01eceb-8514\"\n\t\t\t\n\t\t><div class=\"sow-headline-container \">\n\t\t\t\t\t\t\t<h3 class=\"sow-headline\">\n\t\t\t\t\t\tNovit\u00e0\t\t\t\t\t\t<\/h3>\n\t\t\t\t\t\t<\/div>\n<\/div><\/div><div id=\"panel-8514-0-0-1\" class=\"so-panel widget widget_sow-headline\" data-index=\"1\" ><div\n\t\t\t\n\t\t\tclass=\"so-widget-sow-headline so-widget-sow-headline-default-3f9cc532df1f-8514\"\n\t\t\t\n\t\t><div class=\"sow-headline-container \">\n\t\t\t\t\t\t\t<h4 class=\"sow-headline\">\n\t\t\t\t\t\tAbbiamo preparato un nuovo promemoria dedicato a tutti i pazienti in attesa d'intervento riprogrammato\t\t\t\t\t\t<\/h4>\n\t\t\t\t\t\t<\/div>\n<\/div><\/div><div id=\"panel-8514-0-0-2\" class=\"so-panel widget widget_sow-headline panel-last-child\" data-index=\"2\" ><div\n\t\t\t\n\t\t\tclass=\"so-widget-sow-headline so-widget-sow-headline-default-3f9cc532df1f-8514\"\n\t\t\t\n\t\t><div class=\"sow-headline-container \">\n\t\t\t\t\t\t\t<h4 class=\"sow-headline\">\n\t\t\t\t\t\t\u00c8 possibile scaricarlo e stamparlo a colori o in bianco e nero\t\t\t\t\t\t<\/h4>\n\t\t\t\t\t\t<\/div>\n<\/div><\/div><\/div><\/div><div id=\"pg-8514-1\"  class=\"panel-grid panel-has-style\" ><div class=\"panel-row-style panel-row-style-for-8514-1\" ><div id=\"pgc-8514-1-0\"  class=\"panel-grid-cell panel-grid-cell-empty\" ><\/div><div id=\"pgc-8514-1-1\"  class=\"panel-grid-cell\" ><div id=\"panel-8514-1-1-0\" class=\"so-panel widget widget_sow-image panel-first-child panel-last-child\" data-index=\"3\" ><div\n\t\t\t\n\t\t\tclass=\"so-widget-sow-image so-widget-sow-image-default-334eeca80698-8514\"\n\t\t\t\n\t\t>\n<div class=\"sow-image-container\">\n\t\t\t<a href=\"http:\/\/riap.iss.it\/riap\/wp-content\/uploads\/2020\/05\/suggerimenti-utili_colore.pdf\"\n\t\t\ttarget=\"_blank\" rel=\"noopener noreferrer\" \t\t>\n\t\t\t<img \n\tsrc=\"https:\/\/riap.iss.it\/riap\/wp-content\/uploads\/2020\/05\/sug_1_2_v1.png\" width=\"1241\" height=\"1754\" srcset=\"https:\/\/riap.iss.it\/riap\/wp-content\/uploads\/2020\/05\/sug_1_2_v1.png 1241w, https:\/\/riap.iss.it\/riap\/wp-content\/uploads\/2020\/05\/sug_1_2_v1-212x300.png 212w, https:\/\/riap.iss.it\/riap\/wp-content\/uploads\/2020\/05\/sug_1_2_v1-725x1024.png 725w, https:\/\/riap.iss.it\/riap\/wp-content\/uploads\/2020\/05\/sug_1_2_v1-768x1085.png 768w, https:\/\/riap.iss.it\/riap\/wp-content\/uploads\/2020\/05\/sug_1_2_v1-1087x1536.png 1087w\" sizes=\"(max-width: 1241px) 100vw, 1241px\" alt=\"\" \t\tclass=\"so-widget-image\"\/>\n\t\t\t<\/a><\/div>\n\n<\/div><\/div><\/div><div id=\"pgc-8514-1-2\"  class=\"panel-grid-cell panel-grid-cell-empty\" ><\/div><div id=\"pgc-8514-1-3\"  class=\"panel-grid-cell panel-grid-cell-mobile-last\" ><div id=\"panel-8514-1-3-0\" class=\"so-panel widget widget_sow-image panel-first-child panel-last-child\" data-index=\"4\" ><div\n\t\t\t\n\t\t\tclass=\"so-widget-sow-image so-widget-sow-image-default-334eeca80698-8514\"\n\t\t\t\n\t\t>\n<div class=\"sow-image-container\">\n\t\t\t<a href=\"http:\/\/riap.iss.it\/riap\/wp-content\/uploads\/2020\/05\/suggerimenti-utili_bn.pdf\"\n\t\t\ttarget=\"_blank\" rel=\"noopener noreferrer\" \t\t>\n\t\t\t<img \n\tsrc=\"https:\/\/riap.iss.it\/riap\/wp-content\/uploads\/2020\/05\/sug_1_1_v1.png\" width=\"1241\" height=\"1754\" srcset=\"https:\/\/riap.iss.it\/riap\/wp-content\/uploads\/2020\/05\/sug_1_1_v1.png 1241w, https:\/\/riap.iss.it\/riap\/wp-content\/uploads\/2020\/05\/sug_1_1_v1-212x300.png 212w, https:\/\/riap.iss.it\/riap\/wp-content\/uploads\/2020\/05\/sug_1_1_v1-725x1024.png 725w, https:\/\/riap.iss.it\/riap\/wp-content\/uploads\/2020\/05\/sug_1_1_v1-768x1085.png 768w, https:\/\/riap.iss.it\/riap\/wp-content\/uploads\/2020\/05\/sug_1_1_v1-1087x1536.png 1087w\" sizes=\"(max-width: 1241px) 100vw, 1241px\" alt=\"\" \t\tclass=\"so-widget-image\"\/>\n\t\t\t<\/a><\/div>\n\n<\/div><\/div><\/div><div id=\"pgc-8514-1-4\"  class=\"panel-grid-cell panel-grid-cell-empty\" ><\/div><\/div><\/div><div id=\"pg-8514-2\"  class=\"panel-grid panel-has-style\" ><div class=\"panel-row-style panel-row-style-for-8514-2\" ><div id=\"pgc-8514-2-0\"  class=\"panel-grid-cell\" ><div id=\"panel-8514-2-0-0\" class=\"so-panel widget widget_sow-headline panel-first-child\" data-index=\"5\" ><div\n\t\t\t\n\t\t\tclass=\"so-widget-sow-headline so-widget-sow-headline-default-ea0af4cf39ae-8514\"\n\t\t\t\n\t\t><div class=\"sow-headline-container \">\n\t\t\t\t\t\t<div class=\"decoration\">\n\t\t\t\t\t\t<div class=\"decoration-inside\"><\/div>\n\t\t\t\t\t<\/div>\n\t\t\t\t\t<\/div>\n<\/div><\/div><div id=\"panel-8514-2-0-1\" class=\"so-panel widget widget_sow-headline\" data-index=\"6\" ><div\n\t\t\t\n\t\t\tclass=\"so-widget-sow-headline so-widget-sow-headline-default-22a026d26856-8514\"\n\t\t\t\n\t\t><div class=\"sow-headline-container \">\n\t\t\t\t\t\t\t<h2 class=\"sow-headline\">\n\t\t\t\t\t\tSuggerimenti utili per persone in attesa di intervento di artroprotesi o operate di recente\t\t\t\t\t\t<\/h2>\n\t\t\t\t\t\t<\/div>\n<\/div><\/div><div id=\"panel-8514-2-0-2\" class=\"so-panel widget widget_sow-editor panel-last-child\" data-index=\"7\" ><div\n\t\t\t\n\t\t\tclass=\"so-widget-sow-editor so-widget-sow-editor-base\"\n\t\t\t\n\t\t><h3 class=\"widget-title text-center\">#IORESTOACASA<\/h3>\n<div class=\"siteorigin-widget-tinymce textwidget\">\n\t<p>Durante questo periodo della pandemia di Coronavirus molti interventi chirurgici elettivi, come le protesi d'anca e di ginocchio, sono stati rinviati. Ci\u00f2 si \u00e8 reso necessario per garantire risorse adeguate per l'assistenza ai pazienti affetti da COVID-19, continuando ad assicurare la chirurgia d\u2019urgenza. Alla popolazione viene chiesto di restare in casa e di evitare di recarsi in ospedali e cliniche a meno che non si tratti di gravi emergenze.<br \/>\nRinviare gli interventi \u00e8 una misura a tutela della vostra salute: da un lato si riduce il rischio di contagio legato agli inevitabili spostamenti, dall'altro si evita che la maggiore vulnerabilit\u00e0 in fase di convalescenza possa favorire il contagio o rendere pi\u00f9 complicata la malattia.<\/p>\n<\/div>\n<\/div><\/div><\/div><\/div><\/div><div id=\"pg-8514-3\"  class=\"panel-grid panel-has-style\" ><div class=\"panel-row-style panel-row-style-for-8514-3\" ><div id=\"pgc-8514-3-0\"  class=\"panel-grid-cell\" ><div id=\"panel-8514-3-0-0\" class=\"so-panel widget widget_sow-editor panel-first-child panel-last-child\" data-index=\"8\" ><div\n\t\t\t\n\t\t\tclass=\"so-widget-sow-editor so-widget-sow-editor-base\"\n\t\t\t\n\t\t><h3 class=\"widget-title text-center\">Nel frattempo, cosa potete fare per prendervi cura delle vostre articolazioni?<\/h3>\n<div class=\"siteorigin-widget-tinymce textwidget\">\n\t<p>Che stiate aspettando di sottoporvi a un intervento di protesi d'anca o di ginocchio o che abbiate appena subito un intervento chirurgico e vi stiate riprendendo a casa, ci sono modi per migliorare lo stato di salute delle articolazioni anche da soli.<\/p>\n<\/div>\n<\/div><\/div><\/div><\/div><\/div><div id=\"pg-8514-4\"  class=\"panel-grid panel-has-style\" ><div class=\"panel-row-style panel-row-style-for-8514-4\" ><div id=\"pgc-8514-4-0\"  class=\"panel-grid-cell\" ><div id=\"panel-8514-4-0-0\" class=\"so-panel widget widget_sow-editor panel-first-child panel-last-child\" data-index=\"9\" ><div\n\t\t\t\n\t\t\tclass=\"so-widget-sow-editor so-widget-sow-editor-base\"\n\t\t\t\n\t\t>\n<div class=\"siteorigin-widget-tinymce textwidget\">\n\t<h4 style=\"margin-bottom: 30px; line-height: 1.5;\">L\u2019intervento \u00e8 stato rimandato? Ecco cosa potete fare in attesa di riprogrammare l'intervento chirurgico<\/h4>\n<ul>\n<li>Utilizzate i farmaci secondo le indicazioni del vostro medico curante. Di solito si tratta di antinfiammatori o di antidolorifici da banco, ma assicuratevi di consultare il vostro medico di medicina generale prima di assumere qualsiasi nuovo farmaco<\/li>\n<li>L'applicazione di ghiaccio o calore su un'articolazione sofferente pu\u00f2 aiutarvi a limitare il dolore. In genere nelle fasi infiammatorie acute (con gonfiore, arrossamento e calore) \u00e8 utile il ghiaccio, mentre il caldo pu\u00f2 dare sollievo in caso di dolore cronico non infiammatorio<\/li>\n<li>Gli esercizi di stretching e quelli a basso impatto possono aiutare a mantenere attivi articolazioni e muscoli. Sul sito della <a href=\"https:\/\/siot.it\/chirurgia-ortopedica-delezione-e-covid-19\/\" target=\"_blank\" rel=\"noopener\">Societ\u00e0 Italiana di Ortopedia e Traumatologia (SIOT)<\/a>\u00a0potete trovare alcuni video e opuscoli informativi sugli esercizi consigliati<\/li>\n<li>Perdere peso (o evitare di ingrassare). Ogni chilo di peso in meno riduce il carico sulle vostre anche e ginocchia di 4-5 chili!<\/li>\n<\/ul>\n<p>&nbsp;<\/p>\n<h4 style=\"margin-bottom: 30px; line-height: 1.5;\">Siete stati operati da poco e le visite di controllo sono state posticipate? Ecco cosa potete fare dopo l'intervento chirurgico<\/h4>\n<ul>\n<li>Assumete i farmaci prescritti come indicato nel foglio di dimissione<\/li>\n<li>Rispettate le indicazioni su riposo, applicazione del ghiaccio, mantenimento dell\u2019arto in scarico e gestione della medicazione<\/li>\n<li>Continuate regolarmente a praticare gli esercizi che vi sono stati insegnati dal fisioterapista in ospedale\/clinica<\/li>\n<li>Per la medicazione postoperatoria\/rimozione dei punti verificate con il vostro chirurgo la modalit\u00e0 pi\u00f9 sicura di effettuare il controllo della ferita chirurgica<\/li>\n<\/ul>\n<\/div>\n<\/div><\/div><\/div><\/div><\/div><div id=\"pg-8514-5\"  class=\"panel-grid panel-has-style\" ><div class=\"panel-row-style panel-row-style-for-8514-5\" ><div id=\"pgc-8514-5-0\"  class=\"panel-grid-cell\" ><div id=\"panel-8514-5-0-0\" class=\"so-panel widget widget_sow-editor panel-first-child panel-last-child\" data-index=\"10\" ><div\n\t\t\t\n\t\t\tclass=\"so-widget-sow-editor so-widget-sow-editor-base\"\n\t\t\t\n\t\t><h3 class=\"widget-title text-center\">Quando mettersi in contatto con il chirurgo<\/h3>\n<div class=\"siteorigin-widget-tinymce textwidget\">\n\t<p>Anche se \u00e8 meglio stare lontano da ospedali e cliniche in questo momento, a meno che non si sia gravemente malati, vi consigliamo di rimanere in contatto con il medico se si verificano i seguenti problemi correlati all\u2019articolazione operata:<\/p>\n<ul>\n<li>Dolore non controllato dai farmaci prescritti<\/li>\n<li>Aumento significativo del gonfiore e\/o del dolore<\/li>\n<li>Problemi con la ferita chirurgica (ad esempio secrezione persistente, sanguinamento, reazioni cutanee ecc.)<\/li>\n<li>Cadute o episodi traumatici<\/li>\n<\/ul>\n<p>Verificate nella lettera di dimissione, oppure tramite il reparto o l\u2019ambulatorio, quali opzioni sono previste per un contatto telefonico con il medico, eventualmente anche con una videochiamata o un'applicazione per smartphone o tablet se necessario.<\/p>\n<\/div>\n<\/div><\/div><\/div><\/div><\/div><div id=\"pg-8514-6\"  class=\"panel-grid panel-has-style\" ><div class=\"panel-row-style panel-row-style-for-8514-6\" ><div id=\"pgc-8514-6-0\"  class=\"panel-grid-cell\" ><div id=\"panel-8514-6-0-0\" class=\"so-panel widget widget_sow-editor panel-first-child panel-last-child\" data-index=\"11\" ><div\n\t\t\t\n\t\t\tclass=\"so-widget-sow-editor so-widget-sow-editor-base\"\n\t\t\t\n\t\t><h3 class=\"widget-title text-center\">Superare la pandemia<\/h3>\n<div class=\"siteorigin-widget-tinymce textwidget\">\n\t<p>Durante questo periodo difficile, \u00e8 importante ricordare che rimandare l'intervento chirurgico \u00e8 una scelta a vantaggio della vostra salute e a beneficio dell'intera comunit\u00e0; le risorse ospedaliere sono necessarie per trattare i pazienti affetti da COVID-19 e tutte le altre gravi emergenze ospedaliere che purtroppo non hanno smesso di verificarsi. Allo stesso tempo, non affollare gli ospedali in questo momento \u00e8 fondamentale per prevenire ulteriori contagi e ritardare la diffusione del virus nella popolazione.<\/p>\n<p>Il nostro sistema \u00e8 resiliente: gli interventi chirurgici elettivi, gli appuntamenti di controllo e le visite specialistiche non urgenti riprenderanno non appena sar\u00e0 possibile garantire sicurezza e risorse adeguate.<\/p>\n<p>&nbsp;<\/p>\n<p>Grazie per la pazienza!<\/p>\n<p>&nbsp;<\/p>\n<p>Per informazioni su COVID-19, visitate la pagina del sito ISS\u00a0dedicata al\u00a0<a href=\"https:\/\/www.iss.it\/coronavirus\" target=\"_blank\" rel=\"noopener\"><u>Nuovo Coronavirus<\/u><\/a>\u00a0dove troverete raccomandazioni e dati aggiornati.<\/p>\n<p>&nbsp;<\/p>\n<p><em>Questa guida \u00e8 stata redatta da membri dei comitati scientifici RIAP e della SIOT, riadattando un documento dell'American Association of Hip and Knee Surgeons.<\/em><\/p>\n<\/div>\n<\/div><\/div><\/div><\/div><\/div><\/div>","protected":false},"excerpt":{"rendered":"<p>Novit\u00e0 Abbiamo preparato un nuovo promemoria dedicato a tutti i pazienti in attesa d&#8217;intervento riprogrammato \u00c8 possibile scaricarlo e stamparlo a colori o in bianco e nero Suggerimenti utili per persone in attesa di intervento di artroprotesi o operate di recente #IORESTOACASA Durante questo periodo della pandemia di Coronavirus molti interventi chirurgici elettivi, come le &hellip;<\/p>\n","protected":false},"author":5,"featured_media":8523,"parent":9289,"menu_order":0,"comment_status":"closed","ping_status":"closed","template":"","meta":{"_acf_changed":false,"footnotes":""},"class_list":["post-8514","page","type-page","status-publish","has-post-thumbnail","hentry"],"acf":[],"_links":{"self":[{"href":"https:\/\/riap.iss.it\/riap\/wp-json\/wp\/v2\/pages\/8514","targetHints":{"allow":["GET"]}}],"collection":[{"href":"https:\/\/riap.iss.it\/riap\/wp-json\/wp\/v2\/pages"}],"about":[{"href":"https:\/\/riap.iss.it\/riap\/wp-json\/wp\/v2\/types\/page"}],"author":[{"embeddable":true,"href":"https:\/\/riap.iss.it\/riap\/wp-json\/wp\/v2\/users\/5"}],"replies":[{"embeddable":true,"href":"https:\/\/riap.iss.it\/riap\/wp-json\/wp\/v2\/comments?post=8514"}],"version-history":[{"count":0,"href":"https:\/\/riap.iss.it\/riap\/wp-json\/wp\/v2\/pages\/8514\/revisions"}],"up":[{"embeddable":true,"href":"https:\/\/riap.iss.it\/riap\/wp-json\/wp\/v2\/pages\/9289"}],"wp:featuredmedia":[{"embeddable":true,"href":"https:\/\/riap.iss.it\/riap\/wp-json\/wp\/v2\/media\/8523"}],"wp:attachment":[{"href":"https:\/\/riap.iss.it\/riap\/wp-json\/wp\/v2\/media?parent=8514"}],"curies":[{"name":"wp","href":"https:\/\/api.w.org\/{rel}","templated":true}]}}