{"id":10130,"date":"2022-05-18T09:39:52","date_gmt":"2022-05-18T07:39:52","guid":{"rendered":"https:\/\/riap.iss.it\/riap\/?page_id=10130"},"modified":"2022-05-18T09:47:21","modified_gmt":"2022-05-18T07:47:21","slug":"regione-marche","status":"publish","type":"page","link":"https:\/\/riap.iss.it\/riap\/it\/il-progetto\/chi-partecipa\/regione-marche\/","title":{"rendered":"Regione Marche"},"content":{"rendered":"<p><strong>24.09.2019 &#8211; Adesione della Regione Marche al RIAP<\/strong><\/p>\n<p>La Regione Marche partecipa al progetto RIAP dal 2013. Nel 2019 ha introdotto l\u2019obbligatoriet\u00e0 della tenuta del registro stabilita con specifico atto di Giunta regionale (dgr n. 1108\/19). Attraverso tale atto, \u00e8 stato approvato lo Schema di Accordo di Collaborazione scientifica tra l&#8217;Agenzia Regionale Sanitaria e l&#8217;Istituto Superiore di Sanit\u00e0 per l&#8217;implementazione del registro RlAP anche con i dati relativi agli interventi di artroprotesi di spalla e di caviglia, oltre a quelli gi\u00e0 considerati di anca e ginocchio. Inoltre, gli Enti del SSR sono stati impegnati a monitorare che l&#8217;attivit\u00e0 di registrazione degli interventi protesici, correlata al progetto RIAP, venga gestita con continuit\u00e0 e in maniera puntuale dalle strutture sanitarie erogatrici di tali tipologie di intervento, in ottemperanza a quanto stabilito dalla L. 145 del 30 dicembre 2018, Art. 1 comma n. 558.<\/p>\n\n<p>&nbsp;<\/p>\n<hr><h3>Attachments<\/h3><hr><div class=\"download-list-container\"><div class=\"download-elem\">\r\n\t<div class=\"row\">\r\n\t\t<div class=\"col-sm-6\">\r\n\t\t\t<p>\r\n\t\t\t\t<em>Regione Marche: Deliberazione della Giunta Regionale n. 1108 del 24\/09\/2019 (Adesione al RIAP)<\/em>\r\n\t\t\t<\/p>\r\n\t\t<\/div>\r\n\t\t<div class=\"col-sm-6\">\r\n\t\t\t<a class=\"btn btn-primary btn-download\" href=\"https:\/\/riap.iss.it\/riap\/\/download\/10131\/?tmstv=1776181345\"><span class=\"icon-container\"><span class=\"fa fa-download\"><\/span><\/span> Download pdf - 371,97 KB<\/a>\r\n\t\t<\/div>\r\n\t<\/div>\r\n<\/div><\/div>","protected":false},"excerpt":{"rendered":"<p>24.09.2019 &#8211; Adesione della Regione Marche al RIAP La Regione Marche partecipa al progetto RIAP dal 2013. Nel 2019 ha introdotto l\u2019obbligatoriet\u00e0 della tenuta del registro stabilita con specifico atto di Giunta regionale (dgr n. 1108\/19). Attraverso tale atto, \u00e8 stato approvato lo Schema di Accordo di Collaborazione scientifica tra l&#8217;Agenzia Regionale Sanitaria e l&#8217;Istituto &hellip;<\/p>\n","protected":false},"author":5,"featured_media":0,"parent":65,"menu_order":0,"comment_status":"closed","ping_status":"closed","template":"","meta":{"_acf_changed":false,"footnotes":""},"class_list":["post-10130","page","type-page","status-publish","hentry"],"acf":[],"_links":{"self":[{"href":"https:\/\/riap.iss.it\/riap\/wp-json\/wp\/v2\/pages\/10130","targetHints":{"allow":["GET"]}}],"collection":[{"href":"https:\/\/riap.iss.it\/riap\/wp-json\/wp\/v2\/pages"}],"about":[{"href":"https:\/\/riap.iss.it\/riap\/wp-json\/wp\/v2\/types\/page"}],"author":[{"embeddable":true,"href":"https:\/\/riap.iss.it\/riap\/wp-json\/wp\/v2\/users\/5"}],"replies":[{"embeddable":true,"href":"https:\/\/riap.iss.it\/riap\/wp-json\/wp\/v2\/comments?post=10130"}],"version-history":[{"count":0,"href":"https:\/\/riap.iss.it\/riap\/wp-json\/wp\/v2\/pages\/10130\/revisions"}],"up":[{"embeddable":true,"href":"https:\/\/riap.iss.it\/riap\/wp-json\/wp\/v2\/pages\/65"}],"wp:attachment":[{"href":"https:\/\/riap.iss.it\/riap\/wp-json\/wp\/v2\/media?parent=10130"}],"curies":[{"name":"wp","href":"https:\/\/api.w.org\/{rel}","templated":true}]}}